         {"id":31,"date":"2014-08-06T05:37:00","date_gmt":"2014-08-06T04:37:00","guid":{"rendered":"http:\/\/sdhstarec.cz\/?page_id=31"},"modified":"2024-06-05T20:50:05","modified_gmt":"2024-06-05T19:50:05","slug":"setkani-rockovych-kapel","status":"publish","type":"page","link":"https:\/\/sdhstarec.cz\/?page_id=31","title":{"rendered":"Setk\u00e1n\u00ed rockov\u00fdch kapel"},"content":{"rendered":"\n<h1 class=\"wp-block-heading\">2024<\/h1>\n\n\n\n<p>Sbor dobrovoln\u00fdch hasi\u010d\u016f Sta\u0159e\u010d V\u00e1s srde\u010dn\u011b zve na 23. ro\u010dn\u00edk obl\u00edben\u00e9ho rockov\u00e9ho festivalu.<\/p>\n\n\n\n<p><strong>Vystupuj\u00edc\u00ed:<\/strong> <br \/>Puls, Matador, Paprsky, Bambus, Merkur, Morava <br \/>Host: 3 teno\u0159i alias 4 mago\u0159i <br \/>P\u0159edkapela: Jezerel<\/p>\n\n\n\n<p><strong>M\u00edsto:<\/strong> Sokolsk\u00e9 h\u0159i\u0161t\u011b Sta\u0159e\u010d<br \/><strong>Vstupn\u00e9:<\/strong> p\u0159edprodej 300K\u010d, na m\u00edst\u011b 400K\u010d<\/p>\n\n\n\n<p>P\u0159edprodej&nbsp; zah\u00e1jen<strong>,<\/strong> l\u00edstky je mo\u017en\u00e9 zakoupit na t\u011bchto m\u00edstech:&nbsp;<\/p>\n\n\n\n<ul class=\"wp-block-list\">\n<li><strong>Sta\u0159e\u010d:<\/strong> Voslovna, Sta\u0159e\u010dsk\u00fd hostinec<\/li>\n\n\n\n<li><strong>T\u0159eb\u00ed\u010d:&nbsp;<\/strong>Velkoobchod BAUER Borovina\n<br \/>Ve\u010derka BAUER Karlovo n\u00e1m\u011bst\u00ed\n<br \/>Rockov\u00e1 klubovna Woodstock<\/li>\n\n\n\n<li><strong>Trnava:<\/strong> Potraviny Flop<\/li>\n\n\n\n<li><\/li>\n<\/ul>\n\n\n\n<figure class=\"wp-block-image size-large\"><img loading=\"lazy\" decoding=\"async\" width=\"720\" height=\"1024\" src=\"https:\/\/sdhstarec.cz\/wp-content\/uploads\/2024\/06\/Ples_2024_Small-720x1024.jpg\" alt=\"\" class=\"wp-image-2716\" srcset=\"https:\/\/sdhstarec.cz\/wp-content\/uploads\/2024\/06\/Ples_2024_Small-720x1024.jpg 720w, https:\/\/sdhstarec.cz\/wp-content\/uploads\/2024\/06\/Ples_2024_Small-211x300.jpg 211w, https:\/\/sdhstarec.cz\/wp-content\/uploads\/2024\/06\/Ples_2024_Small-105x150.jpg 105w, https:\/\/sdhstarec.cz\/wp-content\/uploads\/2024\/06\/Ples_2024_Small-768x1093.jpg 768w, https:\/\/sdhstarec.cz\/wp-content\/uploads\/2024\/06\/Ples_2024_Small.jpg 930w\" sizes=\"auto, (max-width: 720px) 100vw, 720px\" \/><\/figure>\n\n\n<h1>2022<\/h1>\n<p><a href=\"https:\/\/sdhstarec.cz\/?attachment_id=2678\" rel=\"attachment wp-att-2678\"><img loading=\"lazy\" decoding=\"async\" class=\"aligncenter wp-image-2678 size-large\" src=\"https:\/\/sdhstarec.cz\/wp-content\/uploads\/2022\/05\/plakat-A2_CERNY_small-726x1024.jpg\" alt=\"\" width=\"726\" height=\"1024\" srcset=\"https:\/\/sdhstarec.cz\/wp-content\/uploads\/2022\/05\/plakat-A2_CERNY_small-726x1024.jpg 726w, https:\/\/sdhstarec.cz\/wp-content\/uploads\/2022\/05\/plakat-A2_CERNY_small-213x300.jpg 213w, https:\/\/sdhstarec.cz\/wp-content\/uploads\/2022\/05\/plakat-A2_CERNY_small-106x150.jpg 106w, https:\/\/sdhstarec.cz\/wp-content\/uploads\/2022\/05\/plakat-A2_CERNY_small-768x1083.jpg 768w, https:\/\/sdhstarec.cz\/wp-content\/uploads\/2022\/05\/plakat-A2_CERNY_small.jpg 1024w\" sizes=\"auto, (max-width: 726px) 100vw, 726px\" \/><\/a><\/p>\n<h1>2020<\/h1>\n<p>V\u00e1\u017een\u00ed p\u0159\u00edznivci rockov\u00e9ho festivalu,<\/p>\n<p>vzhledem k\u00a0panuj\u00edc\u00ed situaci, jsme nuceni leto\u0161n\u00ed 21. ro\u010dn\u00edk festivalu Setk\u00e1n\u00ed rockov\u00fdch kapel T\u0159eb\u00ed\u010dska ve Star\u010di zru\u0161it. Je n\u00e1m to velice l\u00edto, nicm\u00e9n\u011b zdrav\u00ed je p\u0159edn\u011bj\u0161\u00ed a nastal\u00e1 situace si toto opat\u0159en\u00ed \u017e\u00e1d\u00e1. Budeme doufat, \u017ee se s V\u00e1mi uvid\u00edme v\u00a0p\u0159\u00ed\u0161t\u00edm roce 2021 na zn\u00e1m\u00e9m m\u00edst\u011b a v\u00a0dobr\u00e9 n\u00e1lad\u011b.<\/p>\n<p>D\u011bkujeme za pochopen\u00ed a p\u0159ejeme V\u00e1m v\u0161em hodn\u011b zdrav\u00ed a pohody!<\/p>\n<p>SDH Sta\u0159e\u010d<\/p>\n<p>Proto\u017ee se mno\u017e\u00ed dotazy na kon\u00e1n\u00ed dal\u0161\u00edho, 21 ro\u010dn\u00edku, chci v\u0161em tazatel\u016fm \/ tazatelk\u00e1m ozn\u00e1mit, \u017ee dal\u0161\u00ed ro\u010dn\u00edk se konat <strong>bude.<\/strong><br \/>\nP\u0159edb\u011b\u017en\u00fd term\u00edn setk\u00e1n\u00ed je <strong>20.6.2020<\/strong><\/p>\n<h1>2019<\/h1>\n<p><a href=\"https:\/\/sdhstarec.cz\/?attachment_id=1121\" rel=\"attachment wp-att-1121\"><img loading=\"lazy\" decoding=\"async\" class=\"aligncenter size-full wp-image-1121\" src=\"https:\/\/sdhstarec.cz\/wp-content\/uploads\/2019\/05\/starec-2019_s.jpg\" alt=\"\" width=\"600\" height=\"282\" \/><\/a><\/p>\n<h1>2018<\/h1>\n<p><a href=\"https:\/\/sdhstarec.cz\/wp-content\/uploads\/2018\/05\/starec_2018_plakat.jpg\" rel=\"attachment wp-att-1030\"><img loading=\"lazy\" decoding=\"async\" class=\"aligncenter wp-image-1030\" src=\"https:\/\/sdhstarec.cz\/wp-content\/uploads\/2018\/05\/starec_2018_plakat.jpg\" alt=\"\" width=\"600\" height=\"846\" \/><\/a><\/p>\n<p><img loading=\"lazy\" decoding=\"async\" class=\"alignleft size-full wp-image-990\" src=\"https:\/\/sdhstarec.cz\/wp-content\/uploads\/2018\/04\/starec_2018.png\" alt=\"\" width=\"600\" height=\"241\" \/><\/p>\n<h1>2017<\/h1>\n<p>Fotky ze soboty od Rudolfa Jedli\u010dky <a href=\"https:\/\/www.zonerama.com\/rufoto\/Album\/3230510\" target=\"_blank\" rel=\"noopener noreferrer\">tady<\/a> nebo <a href=\"https:\/\/www.facebook.com\/rudolfjedlickaphotography\/media_set?set=a.463343520683804.1073742191.100010244796516&amp;type=3\" target=\"_blank\" rel=\"noopener noreferrer\">tady<\/a><\/p>\n<p>Fotky od &#8222;Hostinec a ubytov\u00e1n\u00ed na koupali\u0161ti Sta\u0159e\u010d&#8220; <a href=\"https:\/\/www.facebook.com\/media\/set\/?set=a.1443310882382175.1073741842.477713672275239&amp;type=1&amp;l=5dd03a3781\" target=\"_blank\" rel=\"noopener noreferrer\">tady<\/a><\/p>\n<p class=\"western\"><strong>ROCKOV\u00c9 SETK\u00c1N\u00cd STA\u0158E\u010c 2017<\/strong><\/p>\n<p class=\"western\"><span style=\"color: #000000;\">T\u0159et\u00ed sobotu v \u010dervnu se bude ve Star\u010di konat ji\u017e 18. ro\u010dn\u00edk setk\u00e1n\u00ed rockov\u00fdch hudebn\u00edch skupin minul\u00e9ho stolet\u00ed <\/span><strong><span style=\"color: #000000;\">\u201eSTA\u0158E\u010c 2017\u201c<\/span><\/strong><span style=\"color: #000000;\">. Na sokolsk\u00e9m h\u0159i\u0161ti se sejdou \u201elegendy t\u0159eb\u00ed\u010dsk\u00e9 hudebn\u00ed sc\u00e9ny\u201c, op\u011bt vystoup\u00ed hudebn\u00ed skupiny a st\u00e1lice tohoto setk\u00e1n\u00ed &#8211; Puls, Matador, Watt 80, Merkur, Paprsky a Pekeln\u00edci. Pr\u00e1v\u011b na n\u011b ji\u017e \u0159adu let chod\u00ed pravideln\u011b n\u00e1v\u0161t\u011bvn\u00edci v\u0161ech v\u011bkov\u00fdch kategorii, kde si spole\u010dn\u011b zatancuj\u00ed, popov\u00eddaj\u00ed a ti star\u0161\u00ed zavzpom\u00ednaj\u00ed na \u201ekr\u00e1sn\u00e1 l\u00e9ta minul\u00e1\u201c<\/span><\/p>\n<p class=\"western\"><span style=\"color: #000000;\"><span style=\"font-family: 'Times New Roman', serif;\">P\u0159\u00edprava t\u00e9to akce je \u010dasov\u011b n\u00e1ro\u010dn\u00e1, za\u010d\u00edn\u00e1 se ji\u017e na za\u010d\u00e1tku roku, n\u00e1vrh plak\u00e1t\u016f, potisk tri\u010dek, obch\u00e1zen\u00ed sponzor\u016f. Ano sponzo\u0159i si zaslou\u017e\u00ed velk\u00e9 pod\u011bkov\u00e1n\u00ed,bez nich by tato akce nikdy nem\u011bla takov\u00e9 rozm\u011bry. Jim pat\u0159\u00ed velk\u00fd d\u00edk za pomoc a\u0165 u\u017e finan\u010dn\u00ed nebo materi\u00e1ln\u00ed.<\/span><\/span><\/p>\n<p class=\"western\">17.\u010dervna 2017 v 16:00 hod moder\u00e1tor ve\u010dera Ji\u0159\u00ed Kalina pozve na podium p\u0159edkapelu &#8211; hudebn\u00ed skupinu z Jarom\u011b\u0159ic, kter\u00e1 se jmenuje Synt\u00e9za.<\/p>\n<p class=\"western\">Po t\u00e9to skupin\u011b se ji\u017e na podium postupn\u011b p\u0159edstav\u00ed ji\u017e zmi\u0148ovan\u00e9 hudebn\u00ed skupiny, kter\u00e9 i letos ur\u010dit\u011b zahraj\u00ed sv\u00e9 nejzn\u00e1mn\u011bj\u0161\u00ed p\u00edsni\u010dky.Kdo chod\u00ed na setk\u00e1n\u00ed pravideln\u011b, tak v\u00ed, \u017ee ka\u017ed\u00e1 skupina hraje dvakr\u00e1t za ve\u010der, letos ale budou hr\u00e1t Paprsky jen jednou. Tato skupina letos slav\u00ed 50 let od sv\u00e9ho zalo\u017een\u00ed a proto na svoji oslavu bude jejich vystoupen\u00ed asi hodinnov\u00e9..<\/p>\n<p class=\"western\">Sta\u0159e\u010dsk\u00fd hasi\u010dsk\u00fd sbor, kter\u00fd akci po\u0159\u00e1d\u00e1, ka\u017ed\u00fd rok pozve n\u011bjak\u00e9ho zn\u00e1m\u00e9ho hosta a letos je opravdu se na co t\u011b\u0161it. Jako host vystoup\u00ed hudebn\u00ed skupina CARMEN. Loni tato skupina oslavila 30 let sv\u00e9ho \u00fa\u010dinkov\u00e1n\u00ed jedine\u010dn\u00fdm koncertem na zimn\u00edm stadi\u00f3nu v T\u0159eb\u00ed\u010di.<\/p>\n<p class=\"western\">Carmen p\u0159i sv\u00e9m vystoupen\u00ed ve Star\u010di 2017, s ob\u011bma zp\u011bv\u00e1ky Vlastem Zahr\u00e1dkou i Petrem Bendem zahraje sv\u00e9 nejv\u011bt\u0161\u00ed hity, jako nap\u0159\u00edklad: Smrt kr\u00e1sn\u00fdch srnc\u016f, Na kafe, A co j\u00e1?, Uka\u017e se mi!, Zaj\u00edm\u00e1\u0161 m\u011b, Cesty, Kdy\u017e ti ost\u0159\u00edhaj tv\u00fd vl\u00e1sky, Pl\u00e1\u010du, Kon\u011b, Rann\u00ed k\u00e1va, Klaun, Robin Hood Hollywood a dal\u0161\u00ed. Carmen tak\u00e9 ve sv\u00e9m 1,5hodinov\u00e9m vystoupen\u00ed p\u0159edstav\u00ed ve Star\u010di i novinkov\u00e9 CD, DVD a 24 str\u00e1nkovou fotopublikaci z historie a oslavy 30 &#8211; t\u00e9ho v\u00fdro\u010d\u00ed skupiny. Tento komplet, kter\u00fd obsahuje 19 skladeb, 24 vide\u00ed a fotopublikaci v limitovan\u00e9 edici si budouu moci fanou\u0161ci t\u00e9to skupiny i na akci zakoupit za 349,- K\u010d! Jejich vystoupen\u00ed bude prov\u00e1zet i jedine\u010dn\u00e1 sv\u011bteln\u00e1 a hudebn\u00ed show! Sta\u0159e\u010d byla pro Carmen roky velkou \u0161tac\u00ed a kapela zde pravideln\u011b vystupovala, naposled v \u010dervenci 2001. Tak\u017ee to pro kapelu i v\u0161echny p\u0159\u00edznivce bude velk\u00fd n\u00e1vrat! &#8222;Moc se do Star\u010de na v\u0161echny t\u011b\u0161\u00edme, d\u00edky tomuto ve\u010deru se nyn\u00ed pravideln\u011b s kapelou sch\u00e1z\u00edme na zkou\u0161k\u00e1ch a p\u0159i p\u0159\u00edprav\u011b vystoupen\u00ed..je to kr\u00e1sn\u00e1 nostalgie&#8220;..uv\u00e1d\u00ed Carmen.<\/p>\n<p class=\"western\">Po\u0159adatel\u00e9 slibuj\u00ed, \u017ee op\u011bt ud\u011blaj\u00ed v\u0161e proto,aby se v\u0161em n\u00e1v\u0161t\u011bvn\u00edk\u016fm na setk\u00e1n\u00ed l\u00edbilo. Op\u011bt m\u00e1me zaji\u0161t\u011bn\u00e9 velk\u00e9 stany, kdyby n\u00e1hodou po\u010das\u00ed nep\u0159\u00e1lo,proto\u017ee toto setk\u00e1n\u00ed se kon\u00e1 za ka\u017ed\u00e9ho po\u010das\u00ed.<\/p>\n<p><a href=\"https:\/\/sdhstarec.cz\/wp-content\/uploads\/2017\/05\/starec_2017_1.jpg\"><img loading=\"lazy\" decoding=\"async\" class=\"wp-image-761 aligncenter\" src=\"https:\/\/sdhstarec.cz\/wp-content\/uploads\/2017\/05\/starec_2017_1-300x212.jpg\" alt=\"\" width=\"450\" height=\"318\" srcset=\"https:\/\/sdhstarec.cz\/wp-content\/uploads\/2017\/05\/starec_2017_1-300x212.jpg 300w, https:\/\/sdhstarec.cz\/wp-content\/uploads\/2017\/05\/starec_2017_1-150x106.jpg 150w, https:\/\/sdhstarec.cz\/wp-content\/uploads\/2017\/05\/starec_2017_1-768x543.jpg 768w, https:\/\/sdhstarec.cz\/wp-content\/uploads\/2017\/05\/starec_2017_1-1024x724.jpg 1024w\" sizes=\"auto, (max-width: 450px) 100vw, 450px\" \/><\/a><\/p>\n<h1>2016<\/h1>\n<p><a href=\"https:\/\/sdhstarec.cz\/wp-content\/uploads\/2016\/05\/starec-2016-1.jpg\"><img loading=\"lazy\" decoding=\"async\" class=\"alignleft size-medium wp-image-593\" src=\"https:\/\/sdhstarec.cz\/wp-content\/uploads\/2016\/05\/starec-2016-1-213x300.jpg\" alt=\"starec-2016-1\" width=\"213\" height=\"300\" srcset=\"https:\/\/sdhstarec.cz\/wp-content\/uploads\/2016\/05\/starec-2016-1-213x300.jpg 213w, https:\/\/sdhstarec.cz\/wp-content\/uploads\/2016\/05\/starec-2016-1-106x150.jpg 106w, https:\/\/sdhstarec.cz\/wp-content\/uploads\/2016\/05\/starec-2016-1-768x1082.jpg 768w, https:\/\/sdhstarec.cz\/wp-content\/uploads\/2016\/05\/starec-2016-1-727x1024.jpg 727w, https:\/\/sdhstarec.cz\/wp-content\/uploads\/2016\/05\/starec-2016-1.jpg 1792w\" sizes=\"auto, (max-width: 213px) 100vw, 213px\" \/><\/a><a href=\"https:\/\/sdhstarec.cz\/wp-content\/uploads\/2016\/05\/starec-2016-2.jpg\"><img loading=\"lazy\" decoding=\"async\" class=\"alignright size-medium wp-image-594\" src=\"https:\/\/sdhstarec.cz\/wp-content\/uploads\/2016\/05\/starec-2016-2-213x300.jpg\" alt=\"starec-2016-2\" width=\"213\" height=\"300\" srcset=\"https:\/\/sdhstarec.cz\/wp-content\/uploads\/2016\/05\/starec-2016-2-213x300.jpg 213w, https:\/\/sdhstarec.cz\/wp-content\/uploads\/2016\/05\/starec-2016-2-106x150.jpg 106w, https:\/\/sdhstarec.cz\/wp-content\/uploads\/2016\/05\/starec-2016-2-768x1082.jpg 768w, https:\/\/sdhstarec.cz\/wp-content\/uploads\/2016\/05\/starec-2016-2-727x1024.jpg 727w, https:\/\/sdhstarec.cz\/wp-content\/uploads\/2016\/05\/starec-2016-2.jpg 1792w\" sizes=\"auto, (max-width: 213px) 100vw, 213px\" \/><\/a><\/p>\n<h1><\/h1>\n<h1><\/h1>\n<h1>2015<\/h1>\n<h3>Fotky se sponzory<\/h3>\n<p>[Best_Wordpress_Gallery id=&#8220;27&#8243; gal_title=&#8220;Sponzori Starec 2015&#8243;]<\/p>\n<p class=\"western\">T\u0159et\u00ed sobota v \u010dervnu <span style=\"color: #000000;\">pat\u0159\u00ed ji\u017e n\u011bkolik let nazp\u00e1tek tradi\u010dn\u00edmu setk\u00e1n\u00ed hudebn\u00edch skupin minul\u00e9ho stolet\u00ed &#8211; STA\u0158E\u010c 2015. Letos se toto setk\u00e1n\u00ed konalo ji\u017e po \u0161estn\u00e1ct\u00e9.<\/span><\/p>\n<p class=\"western\"><span style=\"color: #000000;\"> 20.\u010dervna se op\u011bt na Sokolsk\u00e9m h\u0159i\u0161ti se\u0161ly\u201elegendy t\u0159eb\u00ed\u010dsk\u00e9 hudebn\u00ed sc\u00e9ny\u201c , op\u011bt vystoupily hudebn\u00ed skupiny a st\u00e1lice tohoto setk\u00e1n\u00ed Puls, Mata<\/span>dor, Watt 80, Merkur, Paprsky a Pekeln\u00edci. Pr\u00e1v\u011b na tyto skupiny ji\u017e \u0159adu let chod\u00ed pravideln\u011b okolo 2000 n\u00e1v\u0161t\u011bvn\u00edk\u016f. Po\u0159adatel\u00e9 \u2013 m\u00edstn\u00ed hasi\u010di si p\u0159ed \u010dasem dali za c\u00edl p\u0159iv\u00e9st ka\u017ed\u00fd druh\u00fd rok n\u011bjakou novou skupinu, kter\u00e1 hr\u00e1la v dob\u011b na\u0161ich \u201elegend\u201c. A tak se poda\u0159ilo p\u0159il\u00e1kat do Star\u010de brn\u011bnskou skupinu Arcus, pozd\u011bji pod n\u00e1zven Old Arcus, kter\u00e1 zde po t\u0159i roky vystupovala. Letos hasi\u010di op\u011bt rozhodili s\u00edt\u011b po brn\u011bnsk\u00e9m okrese a byli \u00fasp\u011b\u0161n\u00ed. Pohodov\u00e1 rockov\u00e1 kapela Babylon vznikla v druh\u00e9 polovin\u011b 70 let a hr\u00e1la v okol\u00ed Hru\u0161ovan u Brna. Jedn\u00edm ze zakl\u00e1daj\u00edc\u00edch \u010dlen\u016f je zp\u011bv\u00e1k Jarek R\u016f\u017eek, kter\u00fd u\u017e ve Star\u010di vystupoval po dva roky s hudebn\u00ed skupinou Arcus. <span style=\"color: #000000;\">A \u017ee se v\u00fdb\u011br skupiny povedl ocenili i p\u0159\u00edtomn\u00ed n\u00e1v\u0161t\u011bvn\u00edci.<\/span><\/p>\n<p class=\"western\"><span style=\"font-family: 'Times New Roman', serif;\">Tyto uveden\u00e9 hudebn\u00ed skupiny se od 16:45 hod v pravideln\u00fdch intervalech postupn\u011b vyst\u0159\u00eddaly na podium, kde se sna\u017eily p\u0159edv\u00e9st jen to nejlep\u0161\u00ed muzikansk\u00e9 um\u011bn\u00ed.<\/span><\/p>\n<p class=\"western\"><span style=\"font-family: 'Times New Roman', serif;\"><span style=\"font-size: medium;\">Kolem 22:00 hod vystoupil na podium speci\u00e1ln\u00ed host ve\u010dera \u2013 t\u0159eb\u00ed\u010dsk\u00e1 hudebn\u00ed skupina P\u00c1TEK 13, kter\u00e1 za\u010dala hr\u00e1t v roce 1990 a to ve slo\u017een\u00ed: Zahr\u00e1dka Vlasta &#8211; zp\u011bv, Ve\u0161krna Ivo a Nov\u00e1k Du\u0161an &#8211; kytary, \u0158idk\u00fd Ivo &#8211; klapky, Bazala Milo\u0161 &#8211; bic\u00ed, Pi\u00e1lek Milan \u2013 basa.<\/span><\/span><\/p>\n<p class=\"western\"><span style=\"font-family: 'Times New Roman', serif;\"><span style=\"font-size: medium;\">Po\u0159adatel\u00e9 byli velice r\u00e1di, \u017ee hudebn\u00ed skupina P\u00c1TEK 13 vysly\u0161ela jejich pozv\u00e1n\u00ed a v zakl\u00e1daj\u00edc\u00ed sestav\u011b p\u0159ijela zahr\u00e1t na leto\u0161n\u00ed rockov\u00e9 setk\u00e1n\u00ed. A \u017ee se v\u00fdb\u011br hosta povedl bylo vid\u011bt v davu n\u00e1v\u0161t\u011bvn\u00edk\u016f od prvn\u00edch t\u00f3n\u016f t\u00e9to skupiny. Vlasta Zahr\u00e1dka op\u011bt p\u0159edvedl, pro\u010d je na t\u0159eb\u00ed\u010dsk\u00e9m okrese tak obl\u00edben\u00fd, jeho p\u011bveck\u00fd v\u00fdkon byl \u00fa\u017easn\u00fd. Pozadu nez\u00fastali ani jeho kolegov\u00e9 ze skupiny, i oni p\u0159edvedli, \u017ee ze sv\u00e9ho muzikansk\u00e9ho um\u011bn\u00ed nic nezapomn\u011bli.<\/span><\/span><\/p>\n<p class=\"western\">Na tomto hudebn\u00edm setk\u00e1n\u00ed vystoupila i p\u0159edkapela, t\u0159eb\u00ed\u010dsk\u00e1 skupina THE BUSH.<\/p>\n<p class=\"western\"><span style=\"font-family: 'Times New Roman', serif;\">P\u0159\u00edprava t\u00e9to akce je \u010dasov\u011b n\u00e1ro\u010dn\u00e1, za\u010d\u00edn\u00e1 se ji\u017e na za\u010d\u00e1tku roku, n\u00e1vrh plak\u00e1t\u016f, potisk tri\u010dek, obch\u00e1zen\u00ed sponzor\u016f. Ano sponzo\u0159i si zaslou\u017e\u00ed velk\u00e9 pod\u011bkov\u00e1n\u00ed,bez nich by tato akce nikdy nem\u011bla takov\u00e9 rozm\u011bry. Jim pat\u0159\u00ed velk\u00fd d\u00edk za pomoc a\u0165 u\u017e finan\u010dn\u00ed nebo materi\u00e1ln\u00ed.<\/span><\/p>\n<p class=\"western\"><span style=\"font-family: 'Times New Roman', serif;\">Letos bylo chladn\u00e9 po\u010das\u00ed, kter\u00e9 se projevilo i na n\u00e1v\u0161t\u011bvnosti. Nebylo tolik lid\u00ed, na kter\u00e9 jsme byli z minul\u00fdch let zvykl\u00ed, ale pod\u011bkov\u00e1n\u00ed pat\u0159\u00ed v\u0161em, kte\u0159\u00ed nakonec na tuto akci p\u0159i\u0161li a podpo\u0159ili n\u00e1\u0161 sbor.<\/span><\/p>\n<p class=\"western\"><span style=\"font-family: 'Times New Roman', serif;\">V\u00e1\u017een\u00ed spoluob\u010dan\u00e9 velk\u00e9 pod\u011bkov\u00e1n\u00ed pat\u0159\u00ed i V\u00e1m v\u0161em,za to, \u017ee tolerujete hluk po celou sobotn\u00ed noc. D\u011bkujeme V\u00e1m.<\/span><\/p>\n<p class=\"western\"><span style=\"font-family: 'Times New Roman', serif;\"> Za v\u00fdbor SDH Zdena Perni\u010dkov\u00e1<\/span><\/p>\n<p class=\"western\"><span style=\"font-family: 'Times New Roman', serif;\">&#8212;&#8212;&#8212;&#8212;&#8212;&#8212;&#8212;&#8212;&#8212;&#8212;&#8212;&#8212;&#8212;&#8212;&#8212;&#8212;&#8212;&#8212;&#8212;&#8212;&#8212;&#8212;&#8212;&#8212;&#8212;&#8212;&#8212;&#8212;&#8212;&#8212;&#8212;&#8212;&#8211;<\/span><\/p>\n<p>P\u00e1r fotek z akce<\/p>\n<p>Za fotky d\u011bkujeme panu Miroslavu Dvo\u0159\u00e1\u010dkovi<\/p>\n<p>[Best_Wordpress_Gallery id=&#8220;9&#8243; gal_title=&#8220;Sta\u0159e\u010d 2015&#8243;]<\/p>\n<p><a href=\"http:\/\/sdhstarec.cz\/?event=setkani-rockovych-kapel-2015\">Setk\u00e1n\u00ed rockov\u00fdch kapel 2015<\/a><br \/>\n<a href=\"http:\/\/sdhstarec.cz\/wp-content\/uploads\/2015\/05\/starec_2015_letak_1.jpg\"><img loading=\"lazy\" decoding=\"async\" class=\"alignnone size-medium wp-image-276\" src=\"http:\/\/sdhstarec.cz\/wp-content\/uploads\/2015\/05\/starec_2015_letak_1-213x300.jpg\" alt=\"starec_2015_letak_1\" width=\"213\" height=\"300\" srcset=\"https:\/\/sdhstarec.cz\/wp-content\/uploads\/2015\/05\/starec_2015_letak_1-213x300.jpg 213w, https:\/\/sdhstarec.cz\/wp-content\/uploads\/2015\/05\/starec_2015_letak_1-107x150.jpg 107w, https:\/\/sdhstarec.cz\/wp-content\/uploads\/2015\/05\/starec_2015_letak_1-728x1024.jpg 728w, https:\/\/sdhstarec.cz\/wp-content\/uploads\/2015\/05\/starec_2015_letak_1.jpg 800w\" sizes=\"auto, (max-width: 213px) 100vw, 213px\" \/><\/a><br \/>\n<a href=\"http:\/\/sdhstarec.cz\/wp-content\/uploads\/2015\/05\/starec_2015_letak_2.jpg\"><img loading=\"lazy\" decoding=\"async\" class=\"alignnone size-medium wp-image-277\" src=\"http:\/\/sdhstarec.cz\/wp-content\/uploads\/2015\/05\/starec_2015_letak_2-213x300.jpg\" alt=\"starec_2015_letak_2\" width=\"213\" height=\"300\" srcset=\"https:\/\/sdhstarec.cz\/wp-content\/uploads\/2015\/05\/starec_2015_letak_2-213x300.jpg 213w, https:\/\/sdhstarec.cz\/wp-content\/uploads\/2015\/05\/starec_2015_letak_2-107x150.jpg 107w, https:\/\/sdhstarec.cz\/wp-content\/uploads\/2015\/05\/starec_2015_letak_2-728x1024.jpg 728w, https:\/\/sdhstarec.cz\/wp-content\/uploads\/2015\/05\/starec_2015_letak_2.jpg 800w\" sizes=\"auto, (max-width: 213px) 100vw, 213px\" \/><\/a><\/p>","protected":false},"excerpt":{"rendered":"<p>2024 Sbor dobrovoln\u00fdch hasi\u010d\u016f Sta\u0159e\u010d V\u00e1s srde\u010dn\u011b zve na 23. ro\u010dn\u00edk obl\u00edben\u00e9ho rockov\u00e9ho festivalu. Vystupuj\u00edc\u00ed: Puls, Matador, Paprsky, Bambus, Merkur, Morava Host: 3 teno\u0159i alias 4 mago\u0159i P\u0159edkapela: Jezerel M\u00edsto: Sokolsk\u00e9 h\u0159i\u0161t\u011b Sta\u0159e\u010dVstupn\u00e9: p\u0159edprodej 300K\u010d, na m\u00edst\u011b 400K\u010d P\u0159edprodej&nbsp; zah\u00e1jen, l\u00edstky je mo\u017en\u00e9 zakoupit na t\u011bchto m\u00edstech:&nbsp; 2022 2020 V\u00e1\u017een\u00ed p\u0159\u00edznivci rockov\u00e9ho festivalu, vzhledem k\u00a0panuj\u00edc\u00ed [&hellip;]<\/p>\n","protected":false},"author":1,"featured_media":0,"parent":0,"menu_order":0,"comment_status":"open","ping_status":"open","template":"","meta":{"footnotes":""},"class_list":["post-31","page","type-page","status-publish","hentry"],"jetpack_sharing_enabled":true,"_links":{"self":[{"href":"https:\/\/sdhstarec.cz\/index.php?rest_route=\/wp\/v2\/pages\/31","targetHints":{"allow":["GET"]}}],"collection":[{"href":"https:\/\/sdhstarec.cz\/index.php?rest_route=\/wp\/v2\/pages"}],"about":[{"href":"https:\/\/sdhstarec.cz\/index.php?rest_route=\/wp\/v2\/types\/page"}],"author":[{"embeddable":true,"href":"https:\/\/sdhstarec.cz\/index.php?rest_route=\/wp\/v2\/users\/1"}],"replies":[{"embeddable":true,"href":"https:\/\/sdhstarec.cz\/index.php?rest_route=%2Fwp%2Fv2%2Fcomments&post=31"}],"version-history":[{"count":19,"href":"https:\/\/sdhstarec.cz\/index.php?rest_route=\/wp\/v2\/pages\/31\/revisions"}],"predecessor-version":[{"id":2730,"href":"https:\/\/sdhstarec.cz\/index.php?rest_route=\/wp\/v2\/pages\/31\/revisions\/2730"}],"wp:attachment":[{"href":"https:\/\/sdhstarec.cz\/index.php?rest_route=%2Fwp%2Fv2%2Fmedia&parent=31"}],"curies":[{"name":"wp","href":"https:\/\/api.w.org\/{rel}","templated":true}]}}